{"id":185,"date":"2016-09-16T15:48:54","date_gmt":"2016-09-16T15:48:54","guid":{"rendered":"http:\/\/werkstatt.fuelthemes.net\/werkstatt-masonry\/?page_id=185"},"modified":"2021-05-26T18:59:53","modified_gmt":"2021-05-26T16:59:53","slug":"about-us-personal","status":"publish","type":"page","link":"https:\/\/www.sevenpoemssevendays.at\/?page_id=185","title":{"rendered":"\u00fcber mich"},"content":{"rendered":"[vc_row thb_full_width=&#8220;true&#8220; thb_row_padding=&#8220;true&#8220; thb_column_padding=&#8220;true&#8220; full_height=&#8220;yes&#8220; content_placement=&#8220;middle&#8220; thb_divider_position=&#8220;bottom&#8220;][vc_column fixed=&#8220;thb-fixed&#8220; width=&#8220;1\/2&#8243; animation=&#8220;animation fade-in&#8220; el_class=&#8220;full-height&#8220; css=&#8220;.vc_custom_1621940904854{padding-top: -50px !important;background-image: url(https:\/\/www.sevenpoemssevendays.at\/wp-content\/uploads\/2021\/05\/581A7784-Kopie-SW-scaled.jpg?id=2280) !important;background-position: center !important;background-repeat: no-repeat !important;background-size: cover !important;}&#8220; el_id=&#8220;foto_l&#8220;][vc_raw_html]JTNDYSUyMGhyZWYlM0QlMjJodHRwcyUzQSUyRiUyRnd3dy5zZXZlbnBvZW1zc2V2ZW5kYXlzLmF0JTIyJTNFJTNDZGl2JTIwY2xhc3MlM0QlMjJsb2dvc2V2ZW4lMjIlMjBpZCUzRCUyMmxvZ29zZXZlbiUyMiUzRSUzQyUyRmRpdiUzRSUzQyUyRmElM0UlMEElMEElM0NzY3JpcHQlMjB0eXBlJTNEJTIydGV4dCUyRmphdmFzY3JpcHQlMjIlM0UlMEElMjAlMjAlMjAlMjBkb2N1bWVudC5nZXRFbGVtZW50QnlDbGFzc0lkJTI4JTIybG9nb3NldmVuJTIyJTI5Lm9uY2xpY2slMjAlM0QlMjBmdW5jdGlvbiUyMCUyOCUyOSUyMCU3QiUwQSUyMCUyMCUyMCUyMCUyMCUyMCUyMCUyMGxvY2F0aW9uLmhyZWYlMjAlM0QlMjAlMjJ3d3cuc2V2ZW5wb2Vtc3NldmVuZGF5cy5hdCUyMiUzQiUwQSUyMCUyMCUyMCUyMCU3RCUzQiUwQSUzQyUyRnNjcmlwdCUzRSUwQSUwQSUzQ2RpdiUyMGlkJTNEJTIyZGFuaWVsJTIyJTNFJTNDJTJGZGl2JTNF[\/vc_raw_html][\/vc_column][vc_column width=&#8220;1\/2&#8243; css=&#8220;.vc_custom_1474311147448{padding-top: 12% !important;padding-right: 15% !important;padding-bottom: 19% !important;padding-left: 15% !important;}&#8220;][vc_column_text css=&#8220;.vc_custom_1619870546948{padding-top: 50px !important;}&#8220;]\n<h3 class=\"p1\">daniel b\u00f6swirth<\/h3>\n<p class=\"p2\">geboren am 08.08.1968 in kaltenleutgeben bei wien, lebt als freier autor, grafiker und fotograf mit seiner lebenspartnerin in wien. arbeiten f\u00fcr den \u00f6sterreichischen rundfunk (\u201edie kunde\u201d h\u00f6rspiel, \u201est. petersburg\u201d prosa). ein lyrikband erschien in der reihe experimentelle texte (karl riha\/universit\u00e4t siegen). linolschnitte seit 1990.<span class=\"Apple-converted-space\">\u00a0<\/span><\/p>\n[\/vc_column_text][vc_column_text css=&#8220;.vc_custom_1619538384080{padding-top: 40px !important;}&#8220;]\n<h4 class=\"p1\">bisher erschienen (auszug):<\/h4>\n<p class=\"p1\"><i>1992 \u2013 der pyromantiker<\/i>\/theaterst\u00fcck\/ offtheater berlin<br \/>\n<i>1994 \u2013 40 katastrophismen wie ein manifest<\/i>\/edition freibord<br \/>\n<i>1996 \u2013 die kunde<\/i>\/ h\u00f6rspiel-orf<br \/>\nim altenheim\/ lyrik, edition freibord<br \/>\n1996 \u2013 geldpornopopo monopolis\/prosa\/ edition freibord<br \/>\n<i>1998 \u2013 st. petersburg<\/i>\/ orf<b>,<\/b> texte- neue literatur aus \u00f6sterreich<br \/>\n<i>1998 \u2013 muskelmania<\/i>\/ beitrag f\u00fcr die sportanthologie beim haymon-verlag<br \/>\n2002 \u2013 hundsprosa: jack und jacky\/ blauer salon<br \/>\n<i>2012 \u2013 zwei welten \u2013 ein weltkrieg<\/i>, aus dem tagebuch meines gro\u00dfvaters<br \/>\n2017 \u2013 the opposite of the opposite is the opposite oder die drei seiten der medaille (h\u00f6rst\u00fcck \u00fcber die letzte finanzkrise)<br \/>\n2018 \u2013 an der schwelle der wahrnehmung (feribord)<br \/>\n2018 \u2013 das kapital im silbersee (h\u00f6rcollage\/karl marx trifft karl may)<br \/>\ndie letzten prosaarbeiten (erz\u00e4hlungen) sowie gedichte erscheinen regelm\u00e4\u00dfig im wildeserverlag.[\/vc_column_text][\/vc_column][\/vc_row][vc_row thb_divider_position=&#8220;bottom&#8220;][vc_column][vc_raw_html]JTNDZGl2JTIwY2xhc3MlM0QlMjJiaWxkX2xpbmtzJTIyJTIwaWQlM0QlMjJkYW5pZWwlMjIlM0UlM0MlMkZkaXYlM0UlMEElM0NhJTIwaHJlZiUzRCUyMmh0dHBzJTNBJTJGJTJGd3d3LnNldmVucG9lbXNzZXZlbmRheXMuYXQlMjIlM0UlM0NkaXYlMjBjbGFzcyUzRCUyMmxvZ29zZXZlbiUyMiUyMGlkJTNEJTIybG9nb3NldmVuJTIyJTNFJTNDJTJGZGl2JTNFJTNDJTJGYSUzRSUwQQ==[\/vc_raw_html][\/vc_column][\/vc_row]\n","protected":false},"excerpt":{"rendered":"<p>[vc_row thb_full_width=&#8220;true&#8220; thb_row_padding=&#8220;true&#8220; thb_column_padding=&#8220;true&#8220; full_height=&#8220;yes&#8220; content_placement=&#8220;middle&#8220; thb_divider_position=&#8220;bottom&#8220;][vc_column fixed=&#8220;thb-fixed&#8220; width=&#8220;1\/2&#8243; animation=&#8220;animation fade-in&#8220; el_class=&#8220;full-height&#8220; css=&#8220;.vc_custom_1621940904854{padding-top: -50px !important;background-image: url(https:\/\/www.sevenpoemssevendays.at\/wp-content\/uploads\/2021\/05\/581A7784-Kopie-SW-scaled.jpg?id=2280) !important;background-position: center !important;background-repeat: no-repeat !important;background-size: cover !important;}&#8220; el_id=&#8220;foto_l&#8220;][vc_raw_html]JTNDYSUyMGhyZWYlM0QlMjJodHRwcyUzQSUyRiUyRnd3dy5zZXZlbnBvZW1zc2V2ZW5kYXlzLmF0JTIyJTNFJTNDZGl2JTIwY2xhc3MlM0QlMjJsb2dvc2V2ZW4lMjIlMjBpZCUzRCUyMmxvZ29zZXZlbiUyMiUzRSUzQyUyRmRpdiUzRSUzQyUyRmElM0UlMEElMEElM0NzY3JpcHQlMjB0eXBlJTNEJTIydGV4dCUyRmphdmFzY3JpcHQlMjIlM0UlMEElMjAlMjAlMjAlMjBkb2N1bWVudC5nZXRFbGVtZW50QnlDbGFzc0lkJTI4JTIybG9nb3NldmVuJTIyJTI5Lm9uY2xpY2slMjAlM0QlMjBmdW5jdGlvbiUyMCUyOCUyOSUyMCU3QiUwQSUyMCUyMCUyMCUyMCUyMCUyMCUyMCUyMGxvY2F0aW9uLmhyZWYlMjAlM0QlMjAlMjJ3d3cuc2V2ZW5wb2Vtc3NldmVuZGF5cy5hdCUyMiUzQiUwQSUyMCUyMCUyMCUyMCU3RCUzQiUwQSUzQyUyRnNjcmlwdCUzRSUwQSUwQSUzQ2RpdiUyMGlkJTNEJTIyZGFuaWVsJTIyJTNFJTNDJTJGZGl2JTNF[\/vc_raw_html][\/vc_column][vc_column width=&#8220;1\/2&#8243; css=&#8220;.vc_custom_1474311147448{padding-top: 12% !important;padding-right: 15% !important;padding-bottom: 19% !important;padding-left: 15% !important;}&#8220;][vc_column_text css=&#8220;.vc_custom_1619870546948{padding-top: 50px !important;}&#8220;] daniel b\u00f6swirth geboren am 08.08.1968 in kaltenleutgeben bei wien, lebt als freier autor, grafiker und fotograf mit seiner&hellip;<\/p>\n","protected":false},"author":1,"featured_media":0,"parent":0,"menu_order":0,"comment_status":"closed","ping_status":"closed","template":"","meta":{"_mi_skip_tracking":false,"footnotes":""},"class_list":["post-185","page","type-page","status-publish","hentry"],"_links":{"self":[{"href":"https:\/\/www.sevenpoemssevendays.at\/index.php?rest_route=\/wp\/v2\/pages\/185","targetHints":{"allow":["GET"]}}],"collection":[{"href":"https:\/\/www.sevenpoemssevendays.at\/index.php?rest_route=\/wp\/v2\/pages"}],"about":[{"href":"https:\/\/www.sevenpoemssevendays.at\/index.php?rest_route=\/wp\/v2\/types\/page"}],"author":[{"embeddable":true,"href":"https:\/\/www.sevenpoemssevendays.at\/index.php?rest_route=\/wp\/v2\/users\/1"}],"replies":[{"embeddable":true,"href":"https:\/\/www.sevenpoemssevendays.at\/index.php?rest_route=%2Fwp%2Fv2%2Fcomments&post=185"}],"version-history":[{"count":35,"href":"https:\/\/www.sevenpoemssevendays.at\/index.php?rest_route=\/wp\/v2\/pages\/185\/revisions"}],"predecessor-version":[{"id":2282,"href":"https:\/\/www.sevenpoemssevendays.at\/index.php?rest_route=\/wp\/v2\/pages\/185\/revisions\/2282"}],"wp:attachment":[{"href":"https:\/\/www.sevenpoemssevendays.at\/index.php?rest_route=%2Fwp%2Fv2%2Fmedia&parent=185"}],"curies":[{"name":"wp","href":"https:\/\/api.w.org\/{rel}","templated":true}]}}